 of 42 and 168?
42
What is the highest common divisor of 245 and 1220?
5
Calculate the highest common divisor of 5 and 36.
1
What is the greatest common divisor of 253 and 55?
11
What is the greatest common divisor of 28 and 448?
28
What is the highest common factor of 143 and 2431?
143
Calculate the highest common factor of 96 and 2208.
96
Calculate the greatest common divisor of 20 and 20.
20
What is the highest common factor of 2035 and 55?
55
What is the highest common divisor of 9567 and 27?
9
What is the greatest common factor of 168 and 9618?
42
What is the highest common factor of 290 and 5655?
145
Calculate the greatest common factor of 192 and 48.
48
Calculate the greatest common factor of 471 and 2512.
157
What is the greatest common factor of 7 and 77?
7
What is the greatest common divisor of 7 and 777?
7
Calculate the highest common factor of 25100 and 100.
100
What is the highest common factor of 5 and 355?
5
What is the highest common factor of 31 and 279?
31
What is the highest common divisor of 2000 and 160?
80
What is the greatest common factor of 9425 and 26?
13
Calculate the greatest common divisor of 407 and 77.
11
What is the highest common factor of 72 and 9036?
36
Calculate the highest common factor of 4947 and 51.
51
Calculate the greatest common factor of 520 and 312.
104
Calculate the greatest common divisor of 516 and 288.
12
What is the highest common divisor of 1 and 61?
1
Calculate the highest common factor of 63 and 336.
21
What is the greatest common factor of 427 and 7?
7
What is the greatest common factor of 29 and 4959?
29
What is the greatest common factor of 32620 and 700?
140
Calculate the greatest common divisor of 6195 and 525.
105
Calculate the highest common divisor of 60 and 280.
20
What is the greatest common divisor of 2808 and 48?
24
Calculate the highest common factor of 16 and 272.
16
What is the greatest common divisor of 475 and 25?
25
What is the highest common factor of 440 and 120?
40
Calculate the greatest common factor of 54 and 42714.
54
What is the highest common factor of 854 and 266?
14
What is the greatest common divisor of 64 and 36?
4
Calculate the greatest common divisor of 71 and 568.
71
Calculate the greatest common factor of 912 and 57.
57
Calculate the highest common factor of 12 and 15.
3
Calculate the highest common divisor of 23 and 17.
1
Calculate the highest common divisor of 1350 and 54.
54
What is the greatest common factor of 208 and 1157?
13
Calculate the greatest common factor of 259 and 14.
7
What is the greatest common factor of 81 and 108?
27
Calculate the highest common divisor of 226 and 113.
113
What is the highest common divisor of 64 and 10?
2
Calculate the highest common divisor of 4698 and 162.
162
What is the highest common factor of 300 and 540?
60
Calculate the greatest common factor of 8 and 7.
1
Calculate the highest common divisor of 24 and 888.
24
What is the greatest common divisor of 7016 and 8?
8
What is the greatest common factor of 27 and 675?
27
What is the highest common factor of 1875 and 15?
15
Calculate the greatest common divisor of 28 and 1498.
14
Calculate the greatest common factor of 11084 and 68.
68
Calculate the highest common divisor of 567 and 12852.
189
What is the greatest common factor of 108 and 1188?
108
Calculate the greatest common divisor of 13056 and 288.
96
What is the highest common divisor of 1505 and 2795?
215
What is the highest common divisor of 20 and 500?
20
Calculate the greatest common divisor of 377 and 13.
13
Calculate the highest common factor of 232 and 16.
8
Calculate the greatest common factor of 28365 and 549.
183
What is the greatest common divisor of 36 and 2547?
9
What is the greatest common factor of 45 and 279?
9
Calculate the highest common divisor of 10 and 422.
2
What is the greatest common divisor of 12 and 9?
3
What is the greatest common factor of 28 and 1246?
14
What is the greatest common factor of 30 and 600?
30
What is the greatest common divisor of 182 and 117?
13
What is the greatest common factor of 15 and 30?
15
Calculate the greatest common divisor of 86 and 2537.
43
What is the highest common factor of 165 and 45?
15
What is the highest common factor of 244 and 3538?
122
Calculate the highest common factor of 32 and 88.
8
Calculate the highest common divisor of 48 and 5232.
48
Calculate the highest common divisor of 315 and 2331.
63
What is the greatest common factor of 61 and 61?
61
What is the highest common factor of 154 and 231?
77
What is the highest common factor of 3144 and 24?
24
What is the greatest common divisor of 20 and 2070?
10
Calculate the highest common factor of 55 and 2761.
11
What is the highest common factor of 11 and 2981?
11
What is the greatest common divisor of 2075 and 25?
25
Calculate the highest common divisor of 14 and 784.
14
Calculate the highest common divisor of 363 and 2.
1
What is the highest common divisor of 1323 and 81?
27
What is the greatest common divisor of 5648 and 16?
16
What is the greatest common factor of 18 and 21246?
6
What is the highest common divisor of 5134 and 68?
34
What is the highest common factor of 128 and 32?
32
What is the highest common factor of 731 and 43?
43
What is the highest common factor of 94 and 517?
47
Calculate the highest common divisor of 425 and 3375.
25
What is the greatest common factor of 364 and 52?
52
Calculate the greatest common factor of 2349 and 9.
9
What is the greatest common factor of 612 and 108?
36
Calculate the highest common factor of 2508 and 399.
57
Calculate the highest common factor of 173 and 1384.
173
Calculate the greatest common divisor of 13478 and 138.
46
Calculate the greatest common divisor of 180 and 5085.
45
Calculate the greatest common divisor of 112 and 4396.
28
Calculate the highest common factor of 4 and 8.
4
Calculate the highest common divisor of 371 and 106.
53
What is the highest common factor of 86 and 2021?
43
Calculate the highest common factor of 126 and 14.
14
What is the highest common divisor of 23 and 759?
23
Calculate the greatest common divisor of 392 and 539.
49
What is the highest common factor of 462 and 168?
42
What is the highest common divisor of 272 and 34?
34
Calculate the greatest common factor of 51 and 102.
51
Calculate the highest common divisor of 589 and 155.
31
Calculate the highest common divisor of 12 and 66.
6
Calculate the greatest common factor of 27996 and 24.
12
Calculate the highest common factor of 169 and 247.
13
Calculate the greatest common divisor of 588 and 336.
84
What is the highest common factor of 243 and 5?
1
What is the greatest common divisor of 10 and 45690?
10
Calculate the greatest common divisor of 23 and 3.
1
What is the highest common factor of 279 and 27?
9
What is the highest common divisor of 6 and 2508?
6
What is the greatest common divisor of 17 and 2363?
17
Calculate the greatest common factor of 468 and 52.
52
What is the highest common factor of 6 and 8?
2
What is the highest common factor of 213 and 284?
71
Calculate the greatest common divisor of 56 and 14.
14
What is the highest common divisor of 96 and 24?
24
What is the highest common factor of 1702 and 8?
2
What is the highest common divisor of 901 and 17?
17
Calculate the greatest common divisor of 1189 and 328.
41
What is the greatest common divisor of 95 and 3040?
95
What is the highest common factor of 561 and 33?
33
What is the highest common divisor of 8 and 912?
8
What is the highest common factor of 1419 and 129?
129
Calculate the highest common factor of 297 and 1593.
27
What is the greatest common factor of 16355 and 5?
5
Calculate the greatest common factor of 4221 and 1008.
63
Calculate the greatest common divisor of 1802 and 119.
17
Calculate the greatest common divisor of 324 and 10584.
108
What is the highest common divisor of 27 and 24?
3
What is the greatest common factor of 140 and 14770?
70
What is the highest common factor of 189 and 294?
21
Calculate the highest common divisor of 36 and 9.
9
Calculate the greatest common factor of 297 and 22.
11
What is the greatest common divisor of 329 and 188?
47
Calculate the greatest common divisor of 206 and 25750.
206
Calculate the greatest common factor of 6 and 49.
1
What is the greatest co